s the tens digit of p?
6
Suppose 2*y - 32 = 3*y. What is the units digit of 3*(-2 + y/(-6))?
0
Let m = 7 + 3. Let c(d) = -6*d**3 - 61*d**2 - d - 44. Let t(a) = a**3 + 12*a**2 + 9. Let k(r) = -2*c(r) - 11*t(r). What is the units digit of k(m)?
9
Let k(p) = -4*p + 5. What is the units digit of k(-3)?
7
Suppose 0 = 5*k - 14 - 11. Suppose 0 = 6*l - k*l - 2. Suppose 0 = -0*q + l*q - 24. What is the units digit of q?
2
Let n(r) = -3*r**2 - 37*r + 29. What is the tens digit of n(-12)?
4
Suppose 3*b = 10 - 40. What is the units digit of 2/(-4) + (-35)/b?
3
Let r = -3 + 5. Let q(p) = p**3 - 3*p**2 + 2*p - 1. Let u be q(1). What is the units digit of (u + 2)/(r/12)?
6
Let x(s) = 2*s**2 + 10*s + 5. What is the units digit of x(-8)?
3
Let s be 4 + -1 + (-48 - 4). What is the tens digit of (0 - -1)/((-1)/s)?
4
Suppose 0 = 3*a - 5*a. Suppose a = v + 5, -3*v + 15 = -5*g + 65. What is the units digit of g?
7
Let d = 5 - 5. Suppose -4*j + p + 194 = d, p - 98 = -3*j + 51. What is the units digit of j?
9
Let r(c) = -21*c. Let a be r(-1). Suppose 3*o = a - 9. What is the units digit of o?
4
Let f(m) = 3*m**2 - 9*m + 8. What is the units digit of f(7)?
2
Suppose 6 = -p + 3*p. Suppose p*t = 6*t - 33. What is the tens digit of t?
1
Let x(t) = -6*t + 3. What is the tens digit of x(-9)?
5
Let g be (-42)/(-24) - 2/(-8). Suppose 0 = -y + 5*d + 15 + 7, -g*d + 110 = 4*y. What is the units digit of y?
7
Let d(m) = 6*m**2 + 4. What is the units digit of d(2)?
8
Let d be (1 - 0) + -67 - -1. Let n = d - -119. Suppose 4 - n = -5*c. What is the units digit of c?
0
Let z be (-2)/(-4) - (-19)/(-2). Let i(m) be the third derivative of -m**4/24 - 4*m**3/3 - 4*m**2. What is the units digit of i(z)?
1
Let m be ((-8)/(-12))/(4/6). Let q = m - 0. What is the units digit of q?
1
Suppose -4*f + 2*c + c = -43, 0 = f - c - 10. Let q = f + -4. What is the units digit of q?
9
What is the units digit of (-4)/(-2) - (7 + -101 - -5)?
1
Let t(g) = g**3 + 8*g**2 + 5*g - 11. What is the units digit of t(-6)?
1
Suppose 0 = 2*z + 4*o - 20, -5*o + 0*o = -3*z - 14. Suppose z*f - 15 + 7 = 0. Suppose 2*w + 6 = f*i, -3*i + 2*w + 0 = -4. What is the units digit of i?
2
Suppose b + 3*b - 44 = 0. What is the tens digit of (b - 3) + 0 - -2?
1
Suppose 0 = -68*c + 69*c - 109. What is the hundreds digit of c?
1
Suppose -3*o = 3, -4*c - 2*o = -0*o - 90. What is the units digit of c?
3
Suppose -2*u + 10 = 3*u. Let o = 3 - u. Suppose 0 = 5*h - o - 9. What is the units digit of h?
2
Let s be ((-4)/(-3))/(5/225). Suppose 4*b - 3*b = 2*y - 24, 5*b - s = -5*y. What is the tens digit of y?
1
Let m be (6/8)/((-1)/(-8)). Suppose 0 = 3*q - 0*q - m. Let d(y) = y - 1. What is the units digit of d(q)?
1
Let i(y) = 2*y - 7. Let x be i(8). What is the units digit of 11/x + (-12)/54?
1
Let k(m) = 4*m**2 + 4*m**2 + 4*m**2 - m. What is the tens digit of k(-1)?
1
Let x = 179 - 39. What is the tens digit of x?
4
Let v(m) = 7*m - 6*m - 2*m. What is the units digit of v(-8)?
8
Let f(i) = 2*i. Let v be f(2). Suppose 0 = y + v*y. Suppose c - 7 + 0 = y. What is the units digit of c?
7
Suppose -2*v = 11*v - 1053. What is the tens digit of v?
8
Let l(w) = 102*w - 4. What is the tens digit of l(2)?
0
Suppose -4*k - 2*u + 447 - 17 = 0, 4*k - 2*u = 418. What is the hundreds digit of k?
1
What is the units digit of 1/(12/(-39))*80/(-5)?
2
Let s(o) = o - 1. What is the units digit of s(7)?
6
Let k(j) = -6*j + 33. What is the hundreds digit of k(-14)?
1
Let u be (-1 + -2)*39/(-9). Let r = -8 + 14. Let m = u - r. What is the units digit of m?
7
Suppose -6*h + 2*h = -160. Suppose 5*b = 43 + 2. Suppose -4*s - h = -b*s. What is the units digit of s?
8
Let p(b) = -b + 2. Let h be p(4). Let t = 8 + h. What is the units digit of t?
6
Let p(g) = -g + 5. Let q(h) = 5*h**2 - 1. Let s be q(-1). What is the units digit of p(s)?
1
Let v(w) = w**3 + 4*w**2 - 4*w + 1. Let d be v(-6). What is the units digit of (d/(-3))/(1/3)?
7
What is the tens digit of 1/((-63)/(-31) - 2)?
3
What is the units digit of -1*4 + 228/12?
5
Let c = -14 - -8. Let w(t) = 2*t**2 + 10*t + 6. What is the units digit of w(c)?
8
Suppose -12*k = -7*k - 250. What is the tens digit of k?
5
Let z(k) = -63*k + 177. Let o(t) = -4*t + 11. Let i(d) = -33*o(d) + 2*z(d). What is the units digit of i(6)?
7
Let y(z) = 2*z - 3*z - 12 + 31. What is the tens digit of y(9)?
1
What is the units digit of (1 - -1)/(4/62)?
1
Let n = -78 - -160. Let m = n + -36. What is the tens digit of m?
4
Let s be 12/8 - 3/2. Suppose 0 = -s*m + m - 8. What is the units digit of m?
8
Let q(m) = 2*m**3 - 2*m**2 + m + 4. Let w be (-1 - 0) + (11 - 7). What is the tens digit of q(w)?
4
What is the units digit of (15/10)/(2/96)?
2
Let m be (1/(-3))/((-3)/63). Let y(a) = a - 5. Let v be y(m). Suppose -2 - v = -t. What is the units digit of t?
4
Let l(o) = 37*o + 2. What is the tens digit of l(2)?
7
Let n(r) be the second derivative of r**3/6 - r**2 - 4*r. Let o be n(2). Suppose -2*q - 2*y + 3*y + 8 = o, 5*q = y + 26. What is the units digit of q?
6
Suppose 11 = 4*b - 45. Let q = 13 + b. What is the units digit of q?
7
Suppose 4*d + 48 = -4*v, 28 = -2*d - 3*v - v. Let r = d + 47. What is the units digit of r?
7
Suppose -13*w + 1008 = -10*w. What is the units digit of w?
6
Let l = -34 + 208. What is the units digit of l?
4
What is the hundreds digit of (169 - 0) + -2 + -2?
1
Let s be (-2)/(-1*4/6). Suppose -66 - 1 = -4*h + m, -5*h + s*m = -75. What is the units digit of h?
8
Let x(u) = u**3 + u**2 + u + 2. Let y be x(0). Suppose y*i + 8 = 4*i. Suppose f + m = 5, -i*f + 3*m + 44 = -m. What is the units digit of f?
8
Let m = 11 + -16. Let c(v) = 3*v + 2. Let y(r) = -2*r - 1. Let w(u) = -6*c(u) - 7*y(u). What is the tens digit of w(m)?
1
Let r be (-15)/(-4) + (-8)/(-32). What is the tens digit of (-3 - (-3)/r)*-8?
1
Let v(u) = 267*u**3 - 2*u**2 - u + 2. What is the hundreds digit of v(1)?
2
Suppose 9*n = 91 + 1754. What is the tens digit of n?
0
Let f(w) = 4*w**2 + 2*w. Let u(t) = t. Let h(c) = 6*c - 6. Let s(m) = h(m) - 5*u(m). Let d be s(8). What is the units digit of f(d)?
0
Let u be 2/1*5/2. Suppose -106 = u*i - p, 2*p + 20 = -3*p. Let t = i + 34. What is the tens digit of t?
1
Suppose 0*n = n - 13. Suppose -2*v - 12 = -3*q + 2*q, 2*q - 32 = 5*v. Let o = v + n. What is the units digit of o?
5
Let s(o) = 3*o**2 - 3*o + 5. Suppose z + 2 = -2*h, h + 2*h + 17 = 2*z. What is the units digit of s(z)?
1
What is the units digit of -4 - -10 - -4 - 4?
6
Let d = 6 - 1. Suppose 0 = -d*b - 5, 3*b - 57 = -6*y + y. Let k(u) = u**3 - 12*u**2 + u + 2. What is the units digit of k(y)?
4
What is the tens digit of (0 - -14)*40/20?
2
Suppose -1575 = -0*h - 5*h - 5*n, -330 = -h - 4*n. What is the tens digit of h?
1
Let h(w) = 5*w**3 + 3*w**2 + 5*w + 1. Let b(d) = -5*d**3 - 3*d**2 - 6*d - 1. Let u(j) = -3*b(j) - 4*h(j). What is the tens digit of u(-2)?
3
Suppose 14*t - 85 = 9*t. What is the tens digit of t?
1
Suppose -36 = -q - q. Let g = q + -8. What is the tens digit of g?
1
Let j(d) = 2*d - d**3 - 5 + 5*d**2 + 4*d + 1. Let v be j(6). What is the units digit of ((-3)/6)/(2/v)?
1
Suppose -320 = -5*i + i. What is the tens digit of i?
8
Let n = -8 - -6. What is the units digit of (-6)/(-4) + (-1)/n?
2
Let w = 204 + -35. What is the units digit of w?
9
Let h = -16 - -34. What is the units digit of h?
8
Let h be 1 - (3/3 - -2). Let a(v) = v**3 + v**2 - 2*v - 2. Let g be a(h). What is the tens digit of (-26)/8*(g - 2)?
1
Suppose 3*c - 15 = 45. Suppose -5*r - 8 = 22. Let h = c + r. What is the tens digit of h?
1
Let o(h) = -h**3 + h**2 - h + 3. Let p be o(0). Suppose 5*l = 2*m + 27, 2*m + 5 = -p*m. Suppose -l*v = -v, 2*v - 44 = -2*b. What is the units digit of b?
2
Let o(n) = n**2 + 3*n + 1. Let l be o(-4). Suppose -32 = -l*u + u. What is the units digit of u?
8
Suppose -5*n + 20 = -0*n. Suppose n = 3*z - 8. Suppose 0 = z*d + 4*s, -d + 2*s - 4*s = 2. What is the units digit of d?
2
Let b = 4 + -7. Let m = b + 4. What is the units digit of 1 - 2 - m - -12?
0
Suppose 4*h = -k + 2 - 67, 4*h = -3*k - 75. Let l = -6 - h. What is the units digit of l?
9
Let s = -10 + 26. What is the units digit of s?
6
Let l = 48 + 25. Suppose -4*w - 22 = -h, -3*w - l = -3*h - 7. What is the units digit of h?
2
Let x = -204 - -344. What is the hundreds digit of x?
1
Suppose